Last updated on 2018-02-24 09:51:52 CET.
Flavor | Version | Tinstall | Tcheck | Ttotal | Status | Flags |
---|---|---|---|---|---|---|
r-devel-linux-x86_64-debian-clang | 0.8.1 | 1.81 | 32.10 | 33.91 | NOTE | |
r-devel-linux-x86_64-debian-gcc | 0.8.1 | 1.57 | 25.27 | 26.84 | NOTE | |
r-devel-linux-x86_64-fedora-clang | 0.8.1 | 41.35 | NOTE | |||
r-devel-linux-x86_64-fedora-gcc | 0.8.1 | 40.46 | NOTE | |||
r-devel-windows-ix86+x86_64 | 0.8.1 | 6.00 | 66.00 | 72.00 | OK | |
r-patched-linux-x86_64 | 0.8.1 | 1.45 | 31.76 | 33.21 | OK | |
r-patched-solaris-x86 | 0.8.1 | 57.10 | OK | |||
r-release-linux-x86_64 | 0.8.1 | 1.16 | 32.10 | 33.26 | OK | |
r-release-windows-ix86+x86_64 | 0.8.1 | 6.00 | 66.00 | 72.00 | OK | |
r-release-osx-x86_64 | 0.8.1 | OK | ||||
r-oldrel-windows-ix86+x86_64 | 0.8.1 | 5.00 | 46.00 | 51.00 | OK | |
r-oldrel-osx-x86_64 | 0.8.1 | OK |
Version: 0.8.1
Check: DESCRIPTION meta-information
Result: NOTE
Dependence on R version ‘3.3.1’ not with patchlevel 0
Flavors: r-devel-linux-x86_64-debian-clang, r-devel-linux-x86_64-debian-gcc, r-devel-linux-x86_64-fedora-clang, r-devel-linux-x86_64-fedora-gcc