CRAN Package Check Results for Package sybilcycleFreeFlux

Last updated on 2018-02-24 09:51:52 CET.

Flavor Version Tinstall Tcheck Ttotal Status Flags
r-devel-linux-x86_64-debian-clang 2.0.0 5.07 69.15 74.22 OK
r-devel-linux-x86_64-debian-gcc 2.0.0 4.96 55.12 60.08 OK
r-devel-linux-x86_64-fedora-clang 2.0.0 91.26 NOTE
r-devel-linux-x86_64-fedora-gcc 2.0.0 89.52 NOTE
r-devel-windows-ix86+x86_64 2.0.0 13.00 96.00 109.00 NOTE
r-patched-linux-x86_64 2.0.0 4.97 69.71 74.68 OK
r-patched-solaris-x86 2.0.0 132.60 NOTE
r-release-linux-x86_64 2.0.0 4.48 69.69 74.17 OK
r-release-windows-ix86+x86_64 2.0.0 15.00 107.00 122.00 NOTE
r-release-osx-x86_64 2.0.0 ERROR
r-oldrel-windows-ix86+x86_64 2.0.0 7.00 98.00 105.00 NOTE
r-oldrel-osx-x86_64 2.0.0 NOTE

Check Details

Version: 2.0.0
Check: package dependencies
Result: NOTE
    Package suggested but not available for checking: ‘cplexAPI’
Flavors: r-devel-linux-x86_64-fedora-clang, r-devel-linux-x86_64-fedora-gcc, r-devel-windows-ix86+x86_64, r-patched-solaris-x86, r-release-windows-ix86+x86_64, r-oldrel-windows-ix86+x86_64, r-oldrel-osx-x86_64

Version: 2.0.0
Check: package dependencies
Result: NOTE
    Packages suggested but not available for checking: ‘cplexAPI’ ‘glpkAPI’
Flavor: r-release-osx-x86_64

Version: 2.0.0
Check: examples
Result: ERROR
    Running examples in ‘sybilcycleFreeFlux-Ex.R’ failed
    The error most likely occurred in:
    
    > ### Name: cfFBA
    > ### Title: cycle free flux
    > ### Aliases: cfFBA lrFBA
    > ### Keywords: cycle free flux loopless FBA
    >
    > ### ** Examples
    >
    > ##---- Should be DIRECTLY executable !! ----
    > ##-- ==> Define data, use random,
    > ##-- or do help(data=index) for the standard data sets.
    > data(iAF1260)
    > model=iAF1260
    > fba=optimizeProb(model)
    Loading required package: glpkAPI
    Warning in library(package, lib.loc = lib.loc, character.only = TRUE, logical.return = TRUE, :
     there is no package called ‘glpkAPI’
    Error in checkDefaultMethod(solver, method, pType) :
     package ‘glpkAPI’ not found
    Calls: optimizeProb -> optimizeProb -> .local -> sysBiolAlg
    Execution halted
Flavor: r-release-osx-x86_64