Last updated on 2018-02-24 09:51:52 CET.
Flavor | Version | Tinstall | Tcheck | Ttotal | Status | Flags |
---|---|---|---|---|---|---|
r-devel-linux-x86_64-debian-clang | 0.1.2 | 2.21 | 30.62 | 32.83 | OK | |
r-devel-linux-x86_64-debian-gcc | 0.1.2 | 1.71 | 24.31 | 26.02 | OK | |
r-devel-linux-x86_64-fedora-clang | 0.1.2 | 39.11 | NOTE | |||
r-devel-linux-x86_64-fedora-gcc | 0.1.2 | 37.92 | NOTE | |||
r-devel-windows-ix86+x86_64 | 0.1.2 | 7.00 | 57.00 | 64.00 | OK | |
r-patched-linux-x86_64 | 0.1.2 | 1.81 | 32.45 | 34.26 | OK | |
r-patched-solaris-x86 | 0.1.2 | 57.20 | NOTE | |||
r-release-linux-x86_64 | 0.1.2 | 1.75 | 32.89 | 34.64 | OK | |
r-release-windows-ix86+x86_64 | 0.1.2 | 9.00 | 64.00 | 73.00 | OK | |
r-release-osx-x86_64 | 0.1.2 | NOTE | ||||
r-oldrel-windows-ix86+x86_64 | 0.1.2 | 6.00 | 51.00 | 57.00 | OK | |
r-oldrel-osx-x86_64 | 0.1.2 | NOTE |
Version: 0.1.2
Check: dependencies in R code
Result: NOTE
Namespace in Imports field not imported from: ‘PerformanceAnalytics’
All declared Imports should be used.
Flavors: r-devel-linux-x86_64-fedora-clang, r-devel-linux-x86_64-fedora-gcc, r-patched-solaris-x86, r-release-osx-x86_64, r-oldrel-osx-x86_64