Last updated on 2018-02-24 09:51:52 CET.
Flavor | Version | Tinstall | Tcheck | Ttotal | Status | Flags |
---|---|---|---|---|---|---|
r-devel-linux-x86_64-debian-clang | 0.1.1 | 17.74 | 79.04 | 96.78 | OK | |
r-devel-linux-x86_64-debian-gcc | 0.1.1 | 12.62 | 58.93 | 71.55 | OK | |
r-devel-linux-x86_64-fedora-clang | 0.1.1 | 120.47 | OK | |||
r-devel-linux-x86_64-fedora-gcc | 0.1.1 | 110.85 | OK | |||
r-devel-windows-ix86+x86_64 | 0.1.1 | 48.00 | 159.00 | 207.00 | OK | |
r-patched-linux-x86_64 | 0.1.1 | 16.76 | 84.03 | 100.79 | OK | |
r-patched-solaris-x86 | 0.1.1 | 150.60 | OK | |||
r-release-linux-x86_64 | 0.1.1 | 14.15 | 84.19 | 98.34 | OK | |
r-release-windows-ix86+x86_64 | 0.1.1 | 56.00 | 174.00 | 230.00 | OK | |
r-release-osx-x86_64 | 0.1.1 | OK | ||||
r-oldrel-windows-ix86+x86_64 | 0.1.1 | 38.00 | 121.00 | 159.00 | OK | |
r-oldrel-osx-x86_64 | 0.1.0 | ERROR |
Version: 0.1.0
Check: package dependencies
Result: ERROR
Package required and available but unsuitable version: ‘tibble’
See section ‘The DESCRIPTION file’ in the ‘Writing R Extensions’
manual.
Flavor: r-oldrel-osx-x86_64