Last updated on 2018-02-24 09:51:52 CET.
Flavor | Version | Tinstall | Tcheck | Ttotal | Status | Flags |
---|---|---|---|---|---|---|
r-devel-linux-x86_64-debian-clang | 0.0.1 | 8.85 | 167.04 | 175.89 | OK | |
r-devel-linux-x86_64-debian-gcc | 0.0.1 | 7.07 | 129.58 | 136.65 | OK | |
r-devel-linux-x86_64-fedora-clang | 0.0.1 | 216.82 | OK | |||
r-devel-linux-x86_64-fedora-gcc | 0.0.1 | 210.78 | OK | |||
r-devel-windows-ix86+x86_64 | 0.0.1 | 36.00 | 231.00 | 267.00 | OK | |
r-patched-linux-x86_64 | 0.0.1 | 8.36 | 187.77 | 196.13 | OK | |
r-patched-solaris-x86 | 0.0.1 | 328.20 | OK | |||
r-release-linux-x86_64 | 0.0.1 | 8.50 | 189.02 | 197.52 | OK | |
r-release-windows-ix86+x86_64 | 0.0.1 | 24.00 | 261.00 | 285.00 | OK | |
r-release-osx-x86_64 | 0.0.1 | OK | ||||
r-oldrel-windows-ix86+x86_64 | 0.0.1 | 28.00 | 181.00 | 209.00 | OK | |
r-oldrel-osx-x86_64 | 0.0.1 | ERROR |
Version: 0.0.1
Check: package dependencies
Result: ERROR
Package required but not available: ‘rsample’
See section ‘The DESCRIPTION file’ in the ‘Writing R Extensions’
manual.
Flavor: r-oldrel-osx-x86_64