Last updated on 2018-02-24 09:51:52 CET.
Flavor | Version | Tinstall | Tcheck | Ttotal | Status | Flags |
---|---|---|---|---|---|---|
r-devel-linux-x86_64-debian-clang | 0.1.2 | 1.52 | 34.68 | 36.20 | OK | |
r-devel-linux-x86_64-debian-gcc | 0.1.2 | 1.53 | 25.69 | 27.22 | OK | |
r-devel-linux-x86_64-fedora-clang | 0.1.2 | 41.82 | NOTE | |||
r-devel-linux-x86_64-fedora-gcc | 0.1.2 | 39.56 | NOTE | |||
r-devel-windows-ix86+x86_64 | 0.1.2 | 8.00 | 68.00 | 76.00 | OK | |
r-patched-linux-x86_64 | 0.1.2 | 1.88 | 34.69 | 36.57 | OK | |
r-patched-solaris-x86 | 0.1.2 | 58.00 | NOTE | |||
r-release-linux-x86_64 | 0.1.2 | 1.51 | 34.03 | 35.54 | OK | |
r-release-windows-ix86+x86_64 | 0.1.2 | 8.00 | 65.00 | 73.00 | OK | |
r-release-osx-x86_64 | 0.1.2 | NOTE | ||||
r-oldrel-windows-ix86+x86_64 | 0.1.2 | 5.00 | 42.00 | 47.00 | OK | |
r-oldrel-osx-x86_64 | 0.1.2 | NOTE |
Version: 0.1.2
Check: dependencies in R code
Result: NOTE
Namespace in Imports field not imported from: ‘magrittr’
All declared Imports should be used.
Flavors: r-devel-linux-x86_64-fedora-clang, r-devel-linux-x86_64-fedora-gcc, r-patched-solaris-x86, r-release-osx-x86_64, r-oldrel-osx-x86_64