Last updated on 2018-02-24 09:51:53 CET.
Flavor | Version | Tinstall | Tcheck | Ttotal | Status | Flags |
---|---|---|---|---|---|---|
r-devel-linux-x86_64-debian-clang | 1.0-0.0 | 1.06 | 21.31 | 22.37 | OK | |
r-devel-linux-x86_64-debian-gcc | 1.0-0.0 | 0.78 | 17.40 | 18.18 | OK | |
r-devel-linux-x86_64-fedora-clang | 1.0-0.0 | 26.82 | OK | |||
r-devel-linux-x86_64-fedora-gcc | 1.0-0.0 | 25.70 | OK | |||
r-devel-windows-ix86+x86_64 | 1.0-0.0 | 5.00 | 53.00 | 58.00 | OK | |
r-patched-linux-x86_64 | 1.0-0.0 | 1.16 | 24.07 | 25.23 | OK | |
r-patched-solaris-x86 | 1.0-0.0 | 41.40 | WARN | |||
r-release-linux-x86_64 | 1.0-0.0 | 1.05 | 24.11 | 25.16 | OK | |
r-release-windows-ix86+x86_64 | 1.0-0.0 | 3.00 | 47.00 | 50.00 | OK | |
r-release-osx-x86_64 | 1.0-0.0 | WARN | ||||
r-oldrel-windows-ix86+x86_64 | 1.0-0.0 | 3.00 | 69.00 | 72.00 | OK | |
r-oldrel-osx-x86_64 | 1.0-0.0 | WARN |
Version: 1.0-0.0
Check: re-building of vignette outputs
Result: WARN
Error in re-building vignettes:
...
Warning in engine$weave(file, quiet = quiet, encoding = enc) :
Pandoc (>= 1.12.3) and/or pandoc-citeproc not available. Falling back to R Markdown v1.
Quitting from lines 13-26 (toOrdinal.Rmd)
Error: processing vignette 'toOrdinal.Rmd' failed with diagnostics:
argument is of length zero
Execution halted
Flavors: r-patched-solaris-x86, r-release-osx-x86_64, r-oldrel-osx-x86_64