Last updated on 2018-02-24 09:51:53 CET.
Flavor | Version | Tinstall | Tcheck | Ttotal | Status | Flags |
---|---|---|---|---|---|---|
r-devel-linux-x86_64-debian-clang | 0.1-4 | 7.70 | 75.92 | 83.62 | OK | |
r-devel-linux-x86_64-debian-gcc | 0.1-4 | 5.92 | 62.58 | 68.50 | OK | |
r-devel-linux-x86_64-fedora-clang | 0.1-4 | 104.74 | OK | |||
r-devel-linux-x86_64-fedora-gcc | 0.1-4 | 101.28 | OK | |||
r-devel-windows-ix86+x86_64 | 0.1-4 | 12.00 | 122.00 | 134.00 | OK | |
r-patched-linux-x86_64 | 0.1-4 | 2.67 | 85.77 | 88.44 | OK | |
r-patched-solaris-x86 | 0.1-4 | 130.90 | OK | |||
r-release-linux-x86_64 | 0.1-4 | 2.99 | 86.67 | 89.66 | OK | |
r-release-windows-ix86+x86_64 | 0.1-4 | 10.00 | 135.00 | 145.00 | OK | |
r-release-osx-x86_64 | 0.1-4 | ERROR | ||||
r-oldrel-windows-ix86+x86_64 | 0.1-4 | 6.00 | 89.00 | 95.00 | OK | |
r-oldrel-osx-x86_64 | 0.1-4 | NOTE |
Version: 0.1-4
Check: package dependencies
Result: NOTE
Packages suggested but not available for checking:
‘rgdal’ ‘rgeos’ ‘OpenStreetMap’
Flavor: r-release-osx-x86_64
Version: 0.1-4
Check: Rd cross-references
Result: NOTE
Package unavailable to check Rd xrefs: ‘rgeos’
Flavor: r-release-osx-x86_64
Version: 0.1-4
Check: tests
Result: ERROR
Running ‘tracks.R’ [2s/3s]
Running the tests in ‘tests/tracks.R’ failed.
Complete output:
> Sys.setenv(TZ = "Europe/Berlin")
> # Load required libraries.
>
> library(sp)
> library(spacetime)
> library(trajectories)
> library(rgdal)
Error in library(rgdal) : there is no package called 'rgdal'
Execution halted
Flavor: r-release-osx-x86_64
Version: 0.1-4
Check: package dependencies
Result: NOTE
Package suggested but not available for checking: ‘OpenStreetMap’
Flavor: r-oldrel-osx-x86_64
Version: 0.1-4
Check: dependencies in R code
Result: NOTE
Invalid MIT-MAGIC-COOKIE-1 key
Flavor: r-oldrel-osx-x86_64