CRAN Package Check Results for Package tripack

Last updated on 2018-02-24 09:51:53 CET.

Flavor Version Tinstall Tcheck Ttotal Status Flags
r-devel-linux-x86_64-debian-clang 1.3-8 6.02 26.25 32.27 NOTE
r-devel-linux-x86_64-debian-gcc 1.3-8 4.02 21.16 25.18 NOTE
r-devel-linux-x86_64-fedora-clang 1.3-8 38.93 NOTE
r-devel-linux-x86_64-fedora-gcc 1.3-8 37.88 NOTE
r-devel-windows-ix86+x86_64 1.3-8 26.00 43.00 69.00 OK
r-patched-linux-x86_64 1.3-8 4.34 27.04 31.38 NOTE
r-patched-solaris-x86 1.3-8 45.90 OK
r-release-linux-x86_64 1.3-8 3.83 27.63 31.46 NOTE
r-release-windows-ix86+x86_64 1.3-8 20.00 47.00 67.00 OK
r-release-osx-x86_64 1.3-8 OK
r-oldrel-windows-ix86+x86_64 1.3-8 21.00 53.00 74.00 OK
r-oldrel-osx-x86_64 1.3-8 OK

Check Details

Version: 1.3-8
Check: compiled code
Result: NOTE
    File ‘tripack/libs/tripack.so’:
     Found no call to: ‘R_useDynamicSymbols’
    
    It is good practice to register native routines and to disable symbol
    search.
    
    See ‘Writing portable packages’ in the ‘Writing R Extensions’ manual.
Flavors: r-devel-linux-x86_64-debian-clang, r-devel-linux-x86_64-debian-gcc, r-devel-linux-x86_64-fedora-clang, r-devel-linux-x86_64-fedora-gcc, r-patched-linux-x86_64, r-release-linux-x86_64