Last updated on 2018-02-24 09:51:54 CET.
Flavor | Version | Tinstall | Tcheck | Ttotal | Status | Flags |
---|---|---|---|---|---|---|
r-devel-linux-x86_64-debian-clang | 0.0.3 | 1.91 | 27.44 | 29.35 | NOTE | |
r-devel-linux-x86_64-debian-gcc | 0.0.3 | 1.49 | 21.80 | 23.29 | NOTE | |
r-devel-linux-x86_64-fedora-clang | 0.0.3 | 34.87 | NOTE | |||
r-devel-linux-x86_64-fedora-gcc | 0.0.3 | 33.49 | NOTE | |||
r-devel-windows-ix86+x86_64 | 0.0.3 | 7.00 | 56.00 | 63.00 | OK | |
r-patched-linux-x86_64 | 0.0.3 | 1.13 | 28.11 | 29.24 | OK | |
r-patched-solaris-x86 | 0.0.3 | 51.70 | OK | |||
r-release-linux-x86_64 | 0.0.3 | 1.86 | 28.02 | 29.88 | OK | |
r-release-windows-ix86+x86_64 | 0.0.3 | 8.00 | 52.00 | 60.00 | OK | |
r-release-osx-x86_64 | 0.0.3 | OK | ||||
r-oldrel-windows-ix86+x86_64 | 0.0.3 | 4.00 | 35.00 | 39.00 | OK | |
r-oldrel-osx-x86_64 | 0.0.3 | OK |
Version: 0.0.3
Check: DESCRIPTION meta-information
Result: NOTE
Dependence on R version ‘3.3.2’ not with patchlevel 0
Flavors: r-devel-linux-x86_64-debian-clang, r-devel-linux-x86_64-debian-gcc, r-devel-linux-x86_64-fedora-clang, r-devel-linux-x86_64-fedora-gcc