Last updated on 2018-02-24 09:51:54 CET.
Flavor | Version | Tinstall | Tcheck | Ttotal | Status | Flags |
---|---|---|---|---|---|---|
r-devel-linux-x86_64-debian-clang | 1.0.0 | 1.72 | 25.26 | 26.98 | NOTE | |
r-devel-linux-x86_64-debian-gcc | 1.0.0 | 1.40 | 20.25 | 21.65 | NOTE | |
r-devel-linux-x86_64-fedora-clang | 1.0.0 | 32.50 | NOTE | |||
r-devel-linux-x86_64-fedora-gcc | 1.0.0 | 31.27 | NOTE | |||
r-devel-windows-ix86+x86_64 | 1.0.0 | 6.00 | 48.00 | 54.00 | NOTE | |
r-patched-linux-x86_64 | 1.0.0 | 1.70 | 24.97 | 26.67 | NOTE | |
r-patched-solaris-x86 | 1.0.0 | 43.90 | NOTE | |||
r-release-linux-x86_64 | 1.0.0 | 1.23 | 24.86 | 26.09 | NOTE | |
r-release-windows-ix86+x86_64 | 1.0.0 | 5.00 | 48.00 | 53.00 | NOTE | |
r-release-osx-x86_64 | 1.0.0 | NOTE | ||||
r-oldrel-windows-ix86+x86_64 | 1.0.0 | 3.00 | 34.00 | 37.00 | NOTE | |
r-oldrel-osx-x86_64 | 1.0.0 | NOTE |
Version: 1.0.0
Check: DESCRIPTION meta-information
Result: NOTE
Malformed Title field: should not end in a period.
Flavors: r-devel-linux-x86_64-debian-clang, r-devel-linux-x86_64-debian-gcc, r-devel-linux-x86_64-fedora-clang, r-devel-linux-x86_64-fedora-gcc, r-devel-windows-ix86+x86_64, r-patched-linux-x86_64, r-patched-solaris-x86, r-release-linux-x86_64, r-release-windows-ix86+x86_64, r-release-osx-x86_64, r-oldrel-windows-ix86+x86_64, r-oldrel-osx-x86_64