Last updated on 2018-02-24 09:51:54 CET.
Flavor | Version | Tinstall | Tcheck | Ttotal | Status | Flags |
---|---|---|---|---|---|---|
r-devel-linux-x86_64-debian-clang | 0.1.0 | 1.22 | 65.68 | 66.90 | OK | |
r-devel-linux-x86_64-debian-gcc | 0.1.0 | 0.93 | 45.77 | 46.70 | OK | |
r-devel-linux-x86_64-fedora-clang | 0.1.0 | 72.96 | OK | |||
r-devel-linux-x86_64-fedora-gcc | 0.1.0 | 71.11 | OK | |||
r-devel-windows-ix86+x86_64 | 0.1.0 | 5.00 | 98.00 | 103.00 | OK | |
r-patched-linux-x86_64 | 0.1.0 | 1.45 | 70.54 | 71.99 | OK | |
r-patched-solaris-x86 | 0.1.0 | 96.30 | WARN | |||
r-release-linux-x86_64 | 0.1.0 | 1.52 | 76.62 | 78.14 | OK | |
r-release-windows-ix86+x86_64 | 0.1.0 | 7.00 | 116.00 | 123.00 | OK | |
r-release-osx-x86_64 | 0.1.0 | WARN | ||||
r-oldrel-windows-ix86+x86_64 | 0.1.0 | 5.00 | 79.00 | 84.00 | OK | |
r-oldrel-osx-x86_64 | 0.1.0 | WARN |
Version: 0.1.0
Check: re-building of vignette outputs
Result: WARN
Error in re-building vignettes:
...
Warning in engine$weave(file, quiet = quiet, encoding = enc) :
Pandoc (>= 1.12.3) and/or pandoc-citeproc not available. Falling back to R Markdown v1.
Quitting from lines 157-163 (using_visdat.Rmd)
Error: processing vignette 'using_visdat.Rmd' failed with diagnostics:
cannot open the connection
Execution halted
Flavors: r-patched-solaris-x86, r-release-osx-x86_64, r-oldrel-osx-x86_64