Last updated on 2018-02-24 09:51:55 CET.
Flavor | Version | Tinstall | Tcheck | Ttotal | Status | Flags |
---|---|---|---|---|---|---|
r-devel-linux-x86_64-debian-clang | 0.0-2 | 1.87 | 1.87 | ERROR | ||
r-devel-linux-x86_64-debian-gcc | 0.0-2 | 1.44 | 1.44 | ERROR | ||
r-devel-linux-x86_64-fedora-clang | 0.0-2 | 2.05 | ERROR | |||
r-devel-linux-x86_64-fedora-gcc | 0.0-2 | 1.81 | ERROR | |||
r-devel-windows-ix86+x86_64 | 0.0-2 | 22.00 | 208.00 | 230.00 | OK | |
r-patched-linux-x86_64 | 0.0-2 | 2.09 | 2.09 | ERROR | ||
r-patched-solaris-x86 | 0.0-2 | 3.80 | ERROR | |||
r-release-linux-x86_64 | 0.0-2 | 1.97 | 1.97 | ERROR | ||
r-release-windows-ix86+x86_64 | 0.0-2 | 10.00 | 223.00 | 233.00 | OK | |
r-release-osx-x86_64 | 0.0-2 | ERROR | ||||
r-oldrel-windows-ix86+x86_64 | 0.0-1 | 13.00 | 123.00 | 136.00 | OK | |
r-oldrel-osx-x86_64 | 0.0-1 | OK |
Version: 0.0-2
Check: package dependencies
Result: ERROR
Package required but not available: ‘loon’
See section ‘The DESCRIPTION file’ in the ‘Writing R Extensions’
manual.
Flavors: r-devel-linux-x86_64-debian-clang, r-devel-linux-x86_64-debian-gcc, r-devel-linux-x86_64-fedora-clang, r-devel-linux-x86_64-fedora-gcc, r-patched-linux-x86_64, r-patched-solaris-x86, r-release-linux-x86_64, r-release-osx-x86_64